{"id":85,"date":"2025-10-20T11:51:43","date_gmt":"2025-10-20T11:51:43","guid":{"rendered":"https:\/\/dred.ro\/?page_id=85"},"modified":"2026-01-25T16:36:16","modified_gmt":"2026-01-25T16:36:16","slug":"ingrijire-post-tratament","status":"publish","type":"page","link":"https:\/\/dred.ro\/index.php\/ingrijire-post-tratament\/","title":{"rendered":"\u00cengrijire dup\u0103 tratament"},"content":{"rendered":"<p>[et_pb_section fb_built=&#8221;1&#8243; admin_label=&#8221;Header&#8221; _builder_version=&#8221;4.22.1&#8243; _module_preset=&#8221;default&#8221; custom_padding=&#8221;||0px||false|false&#8221; collapsed=&#8221;on&#8221; global_colors_info=&#8221;{}&#8221;][et_pb_row _builder_version=&#8221;4.22.1&#8243; _module_preset=&#8221;default&#8221; locked=&#8221;off&#8221; global_colors_info=&#8221;{}&#8221;][et_pb_column type=&#8221;4_4&#8243; _builder_version=&#8221;4.22.1&#8243; _module_preset=&#8221;default&#8221; z_index=&#8221;10&#8243; global_colors_info=&#8221;{}&#8221;][et_pb_text _builder_version=&#8221;4.27.5&#8243; _module_preset=&#8221;94624c74-4eb6-4ba9-bba1-5fcf59b89fa5&#8243; custom_margin=&#8221;||10px||false|false&#8221; global_colors_info=&#8221;{}&#8221;]<\/p>\n<h1 style=\"text-align: center;\">\u00cengrijire dup\u0103 tratament<\/h1>\n<p>[\/et_pb_text][et_pb_button button_url=&#8221;https:\/\/dred.ro\/index.php\/contact\/&#8221; button_text=&#8221;Programeaz\u0103-te&#8221; button_alignment=&#8221;center&#8221; _builder_version=&#8221;4.27.5&#8243; _module_preset=&#8221;7491069a-ddc5-44a1-b453-600ed347652b&#8221; custom_margin=&#8221;||30px||false|false&#8221; global_colors_info=&#8221;{}&#8221;][\/et_pb_button][\/et_pb_column][\/et_pb_row][\/et_pb_section][et_pb_section fb_built=&#8221;1&#8243; admin_label=&#8221;Service&#8221; _builder_version=&#8221;4.22.1&#8243; _module_preset=&#8221;default&#8221; collapsed=&#8221;on&#8221; global_colors_info=&#8221;{}&#8221;][et_pb_row column_structure=&#8221;1_2,1_2&#8243; _builder_version=&#8221;4.22.1&#8243; _module_preset=&#8221;default&#8221; global_colors_info=&#8221;{}&#8221; min_height=&#8221;455px&#8221;][et_pb_column type=&#8221;1_2&#8243; _builder_version=&#8221;4.22.1&#8243; _module_preset=&#8221;default&#8221; global_colors_info=&#8221;{}&#8221;][et_pb_image src=&#8221;https:\/\/dred.ro\/wp-content\/uploads\/2026\/01\/zambind-periaj-scaled.jpg&#8221; title_text=&#8221;Young,Woman,Smiling,While,Holding,A,Toothbrush,With,Toothpaste,,Preparing&#8221; _builder_version=&#8221;4.27.5&#8243; _module_preset=&#8221;default&#8221; custom_margin=&#8221;41px||||false|false&#8221; border_radii=&#8221;on|20px|20px|20px|20px&#8221; global_colors_info=&#8221;{}&#8221;][\/et_pb_image][\/et_pb_column][et_pb_column type=&#8221;1_2&#8243; _builder_version=&#8221;4.22.1&#8243; _module_preset=&#8221;default&#8221; global_colors_info=&#8221;{}&#8221;][et_pb_text _builder_version=&#8221;4.27.5&#8243; _module_preset=&#8221;401eae2e-43ce-4853-b2ec-3a31219a03a3&#8243; custom_margin=&#8221;||10px||false|false&#8221; global_colors_info=&#8221;{}&#8221;]<\/p>\n<h2>Indica\u021bii post-operatorii<\/h2>\n<p>[\/et_pb_text][et_pb_text _builder_version=&#8221;4.22.1&#8243; _module_preset=&#8221;cd6f44cd-9e1e-44c8-82a7-ddf70cfb2dfb&#8221; global_colors_info=&#8221;{}&#8221;]<\/p>\n<p>Medicul endodont a \u00eencheiat tratamentul de canal al dintelui dumneavoastr\u0103.<\/p>\n<p>Dup\u0103 finalizarea tratamentului, nivelul de disconfort depinde de respectarea instruc\u021biunilor de c\u0103tre pacient. De\u0219i unii pacien\u021bi nu simt durere, este normal s\u0103 existe un anumit grad de disconfort. Reducerea inflama\u021biei va determina reducerea durerii. Recomand\u0103m s\u0103 lua\u021bi medicamente antiinflamatoare \u00eenainte ca anestezia s\u0103-\u0219i piard\u0103 efectul. Lua\u021bi Ibuprofen 600 mg \u00een primele 2-3 zile la fiecare 8 ore.<span class=\"Apple-converted-space\">\u00a0<\/span><\/p>\n<p>&nbsp;<\/p>\n<p>[\/et_pb_text][\/et_pb_column][\/et_pb_row][et_pb_row column_structure=&#8221;1_2,1_2&#8243; _builder_version=&#8221;4.22.1&#8243; _module_preset=&#8221;default&#8221; global_colors_info=&#8221;{}&#8221;][et_pb_column type=&#8221;1_2&#8243; _builder_version=&#8221;4.22.1&#8243; _module_preset=&#8221;default&#8221; global_colors_info=&#8221;{}&#8221;][et_pb_text _builder_version=&#8221;4.27.5&#8243; _module_preset=&#8221;d5a99302-441b-485e-a4a6-3fac3274cf87&#8243; custom_margin=&#8221;||10px||false|false&#8221; global_colors_info=&#8221;{}&#8221;]<\/p>\n<p>1. V\u0103 rug\u0103m s\u0103 nu m\u00e2nca\u021bi dec\u00e2t dup\u0103 ce efectul anesteziei a trecut pentru a evita astfel lezarea accidental\u0103 a p\u0103r\u021bilor moi. \u00cen cazul \u00een care reconstituirea coronar\u0103 efectuat\u0103 are caracter provizoriu, v\u0103 rug\u0103m s\u0103 nu m\u00e2nca\u021bi timp de o or\u0103 post-tratament pentru a permite materialului s\u0103 se \u00eent\u0103reasc\u0103.<span class=\"Apple-converted-space\">\u00a0<\/span><\/p>\n<p>[\/et_pb_text][et_pb_text _builder_version=&#8221;4.27.5&#8243; _module_preset=&#8221;d5a99302-441b-485e-a4a6-3fac3274cf87&#8243; custom_margin=&#8221;||10px||false|false&#8221; global_colors_info=&#8221;{}&#8221;]<\/p>\n<p>2. Nu mu\u0219ca\u021bi sau mesteca\u021bi alimente tari pe din\u021bii trata\u021bi p\u00e2n\u0103 c\u00e2nd ace\u0219tia nu sunt restaura\u021bi de medicul dumneavoastr\u0103 stomatolog. \u00cen ziua tratamentului, limita\u021bi-v\u0103 dieta la alimente care necesit\u0103 o mastica\u021bie redus\u0103. Sensibilitatea la presiune \u0219i durerea \u00een timpul mastica\u021biei sunt \u00eent\u00e2lnite frecvent. Senza\u021bia atinge maximul \u00een 48-72 de ore dup\u0103 tratament \u0219i dispare treptat \u00een urm\u0103toarele 5-7 zile. Astfel, recuperarea normal\u0103 dup\u0103 tratament dureaz\u0103 7-10 zile. \u00cen unele cazuri, timpul de recuperare poate fi de c\u00e2teva s\u0103pt\u0103m\u00e2ni. Locul unde a fost realizat\u0103 anestezia, respectiv \u021besuturile moi din vecin\u0103tatea dintelui, pot fi dureroase sau sensibile \u00een urma tratamentului.<\/p>\n<p>[\/et_pb_text][et_pb_text _builder_version=&#8221;4.27.5&#8243; _module_preset=&#8221;d5a99302-441b-485e-a4a6-3fac3274cf87&#8243; custom_margin=&#8221;||10px||false|false&#8221; global_colors_info=&#8221;{}&#8221;]<\/p>\n<p>3. Continua\u021bi s\u0103 v\u0103 peria\u021bi \u0219i s\u0103 folosi\u021bi a\u021ba dentar\u0103 pentru a men\u021bine s\u0103n\u0103tatea \u021besutului din jurul dintelui. \u021aesutul din jurul dintelui va fi sensibil, fi\u021bi &#8222;bl\u00e2nd&#8221; \u00een timpul igienei normale. NU APLICA\u021aI C\u0102LDUR\u0102 pe partea exterioar\u0103 a fe\u021bei, sub nicio form\u0103. Acest lucru va cre\u0219te fluxul de s\u00e2nge \u0219i poate duce la umfl\u0103turi \u0219i r\u0103sp\u00e2ndirea infec\u021biei. Se pot aplica comprese reci pentru a sc\u0103dea inflama\u021bia \u0219i a gr\u0103bi vindecarea.<span class=\"Apple-converted-space\">\u00a0<\/span><\/p>\n<p>[\/et_pb_text][\/et_pb_column][et_pb_column type=&#8221;1_2&#8243; _builder_version=&#8221;4.22.1&#8243; _module_preset=&#8221;default&#8221; global_colors_info=&#8221;{}&#8221;][et_pb_text _builder_version=&#8221;4.22.1&#8243; _module_preset=&#8221;d5a99302-441b-485e-a4a6-3fac3274cf87&#8243; custom_margin=&#8221;||10px||false|false&#8221; global_colors_info=&#8221;{}&#8221;]<\/p>\n<p>4. Dac\u0103 vi s-au prescris antibiotice lua\u021bi-le conform indica\u021biilor p\u00e2n\u0103 c\u00e2nd termina\u021bi toate medicamentele. Dac\u0103 ave\u021bi orice reac\u021bii alergice, \u00eentrerupe\u021bi imediat \u0219i anun\u021ba\u021bi medicul.<span class=\"Apple-converted-space\">\u00a0<\/span><\/p>\n<p>[\/et_pb_text][et_pb_text _builder_version=&#8221;4.22.1&#8243; _module_preset=&#8221;d5a99302-441b-485e-a4a6-3fac3274cf87&#8243; custom_margin=&#8221;||10px||false|false&#8221; global_colors_info=&#8221;{}&#8221;]<\/p>\n<p>5. Antibioticele inhib\u0103 eficacitatea pilulelor contraceptive, astfel c\u0103 trebuie luate m\u0103suri suplimentare de preven\u021bie p\u00e2n\u0103 c\u00e2nd se \u00eencheie urm\u0103torul ciclu menstrual.<span class=\"Apple-converted-space\">\u00a0<\/span><\/p>\n<p>[\/et_pb_text][et_pb_text _builder_version=&#8221;4.27.5&#8243; _module_preset=&#8221;d5a99302-441b-485e-a4a6-3fac3274cf87&#8243; custom_margin=&#8221;||10px||false|false&#8221; global_colors_info=&#8221;{}&#8221;]<\/p>\n<p>6. V\u0103 rug\u0103m s\u0103 contacta\u021bi \u0219i s\u0103 face\u021bi o programare la medicul dumneavoastr\u0103 stomatolog pentru a plasa o restaurare final\u0103 \u00een cel mult 2 s\u0103pt\u0103m\u00e2ni dup\u0103 finalizarea tratamentului endodontic. Dintele ne-restaurat este susceptibil la fracturi \u0219i infiltr\u0103ri care pot duce la pierderea dintelui. Am\u00e2narea plas\u0103rii restaur\u0103rii permanente dup\u0103 tratamentul de canal poate compromite succesul acestuia \u0219i poate necesita tratament suplimentar la un cost suplimentar.<\/p>\n<p>&nbsp;<\/p>\n<p>\u00a0Dac\u0103 ave\u021bi oricare alte \u00eentreb\u0103ri, nel\u0103muriri sau simptome, v\u0103 rug\u0103m s\u0103 ne contacta\u021bi!<\/p>\n<p>[\/et_pb_text][\/et_pb_column][\/et_pb_row][\/et_pb_section][et_pb_section fb_built=&#8221;1&#8243; admin_label=&#8221;Call to Action&#8221; _builder_version=&#8221;4.22.1&#8243; _module_preset=&#8221;default&#8221; saved_tabs=&#8221;all&#8221; collapsed=&#8221;on&#8221; global_colors_info=&#8221;{}&#8221;][et_pb_row _builder_version=&#8221;4.22.1&#8243; _module_preset=&#8221;default&#8221; background_color=&#8221;gcid-924bddf2-c0ef-4ef9-b028-8630e1b50bab&#8221; background_image=&#8221;https:\/\/dred.ro\/wp-content\/uploads\/2025\/10\/dentist-office-background-03.png&#8221; background_position=&#8221;top_left&#8221; max_width=&#8221;1280px&#8221; custom_padding=&#8221;5vw|5vw|5vw|5vw|true|true&#8221; border_radii=&#8221;on|20px|20px|20px|20px&#8221; global_colors_info=&#8221;{%22gcid-924bddf2-c0ef-4ef9-b028-8630e1b50bab%22:%91%22background_color%22%93}&#8221;][et_pb_column type=&#8221;4_4&#8243; _builder_version=&#8221;4.22.1&#8243; _module_preset=&#8221;default&#8221; global_colors_info=&#8221;{}&#8221;][et_pb_text _builder_version=&#8221;4.22.1&#8243; _module_preset=&#8221;227a555d-3aeb-40a4-84e8-82f8a8fa7eb7&#8243; text_orientation=&#8221;center&#8221; custom_margin=&#8221;||10px||false|false&#8221; global_colors_info=&#8221;{}&#8221;]<\/p>\n<h2>Solicit\u0103 o programare acum!<\/h2>\n<p>[\/et_pb_text][et_pb_button button_url=&#8221;https:\/\/dred.ro\/index.php\/contact\/&#8221; button_text=&#8221;Programeaz\u0103-te&#8221; button_alignment=&#8221;center&#8221; _builder_version=&#8221;4.27.5&#8243; _module_preset=&#8221;7491069a-ddc5-44a1-b453-600ed347652b&#8221; hover_enabled=&#8221;0&#8243; global_colors_info=&#8221;{}&#8221; sticky_enabled=&#8221;0&#8243;][\/et_pb_button][\/et_pb_column][\/et_pb_row][\/et_pb_section][et_pb_section fb_built=&#8221;1&#8243; admin_label=&#8221;Footer&#8221; _builder_version=&#8221;4.22.1&#8243; _module_preset=&#8221;default&#8221; background_color=&#8221;gcid-b58e2385-d7f3-4b8c-8c82-a83e7d966eb3&#8243; saved_tabs=&#8221;all&#8221; collapsed=&#8221;on&#8221; global_colors_info=&#8221;{%22gcid-b58e2385-d7f3-4b8c-8c82-a83e7d966eb3%22:%91%22background_color%22%93}&#8221;][et_pb_row column_structure=&#8221;1_2,1_2&#8243; _builder_version=&#8221;4.22.1&#8243; _module_preset=&#8221;default&#8221; global_colors_info=&#8221;{}&#8221;][et_pb_column type=&#8221;1_2&#8243; _builder_version=&#8221;4.22.1&#8243; _module_preset=&#8221;default&#8221; global_colors_info=&#8221;{}&#8221;][et_pb_image src=&#8221;https:\/\/dred.ro\/wp-content\/uploads\/2025\/10\/dentist-office-illustration-03@2x.png&#8221; title_text=&#8221;dentist-office-illustration-03@2x&#8221; _builder_version=&#8221;4.22.1&#8243; _module_preset=&#8221;default&#8221; transform_translate=&#8221;-50%|-18%&#8221; transform_translate_linked=&#8221;off&#8221; positioning=&#8221;absolute&#8221; width=&#8221;100%&#8221; max_height=&#8221;400px&#8221; global_colors_info=&#8221;{}&#8221;][\/et_pb_image][et_pb_text _builder_version=&#8221;4.27.5&#8243; _module_preset=&#8221;26c0757d-7dff-4aa9-bc16-b9b09655d015&#8243; header_4_text_color=&#8221;#FFFFFF&#8221; custom_margin=&#8221;||10px||false|false&#8221; global_colors_info=&#8221;{}&#8221;]<\/p>\n<h4>Program<\/h4>\n<p>[\/et_pb_text][et_pb_text _builder_version=&#8221;4.27.5&#8243; _module_preset=&#8221;default&#8221; text_text_color=&#8221;#FFFFFF&#8221; link_text_color=&#8221;#FFFFFF&#8221; custom_margin=&#8221;||10px||false|false&#8221; global_colors_info=&#8221;{}&#8221;]<\/p>\n<p>Luni | 9:00 &#8211; 20:00<\/p>\n<p>[\/et_pb_text][et_pb_text _builder_version=&#8221;4.22.1&#8243; _module_preset=&#8221;default&#8221; text_text_color=&#8221;#FFFFFF&#8221; link_text_color=&#8221;#FFFFFF&#8221; custom_margin=&#8221;||10px||false|false&#8221; global_colors_info=&#8221;{}&#8221;]<\/p>\n<p>Mar\u021bi | 9:00 &#8211; 20:00<\/p>\n<p>[\/et_pb_text][et_pb_text _builder_version=&#8221;4.22.1&#8243; _module_preset=&#8221;default&#8221; text_text_color=&#8221;#FFFFFF&#8221; link_text_color=&#8221;#FFFFFF&#8221; custom_margin=&#8221;||10px||false|false&#8221; global_colors_info=&#8221;{}&#8221;]<\/p>\n<p>Miercuri | 9:00 &#8211; 20:00<\/p>\n<p>[\/et_pb_text][et_pb_text _builder_version=&#8221;4.22.1&#8243; _module_preset=&#8221;default&#8221; text_text_color=&#8221;#FFFFFF&#8221; link_text_color=&#8221;#FFFFFF&#8221; custom_margin=&#8221;||10px||false|false&#8221; global_colors_info=&#8221;{}&#8221;]<\/p>\n<p>Joi | 9:00 &#8211; 20:00<\/p>\n<p>[\/et_pb_text][et_pb_text _builder_version=&#8221;4.22.1&#8243; _module_preset=&#8221;default&#8221; text_text_color=&#8221;#FFFFFF&#8221; link_text_color=&#8221;#FFFFFF&#8221; custom_margin=&#8221;||10px||false|false&#8221; global_colors_info=&#8221;{}&#8221;]<\/p>\n<p>Vineri | 9:00 &#8211; 14:00pm<\/p>\n<p>[\/et_pb_text][et_pb_text _builder_version=&#8221;4.22.1&#8243; _module_preset=&#8221;default&#8221; text_text_color=&#8221;#FFFFFF&#8221; link_text_color=&#8221;#FFFFFF&#8221; custom_margin=&#8221;||10px||false|false&#8221; global_colors_info=&#8221;{}&#8221;]<\/p>\n<p>S\u00e2mb\u0103t\u0103 | \u00eenchis<\/p>\n<p>[\/et_pb_text][et_pb_text _builder_version=&#8221;4.27.5&#8243; _module_preset=&#8221;default&#8221; text_text_color=&#8221;#FFFFFF&#8221; link_text_color=&#8221;#FFFFFF&#8221; custom_margin=&#8221;||10px||false|false&#8221; global_colors_info=&#8221;{}&#8221;]<\/p>\n<p>Duminic\u01ce | \u00eenchis<\/p>\n<p>[\/et_pb_text][\/et_pb_column][et_pb_column type=&#8221;1_2&#8243; _builder_version=&#8221;4.22.1&#8243; _module_preset=&#8221;default&#8221; global_colors_info=&#8221;{}&#8221;][et_pb_text _builder_version=&#8221;4.22.1&#8243; _module_preset=&#8221;26c0757d-7dff-4aa9-bc16-b9b09655d015&#8243; header_4_text_color=&#8221;#FFFFFF&#8221; custom_margin=&#8221;||10px||false|false&#8221; global_colors_info=&#8221;{}&#8221;]<\/p>\n<h4>Contact<\/h4>\n<p>[\/et_pb_text][et_pb_text _builder_version=&#8221;4.27.5&#8243; _module_preset=&#8221;default&#8221; text_text_color=&#8221;#FFFFFF&#8221; link_text_color=&#8221;#FFFFFF&#8221; custom_margin=&#8221;||10px||false|false&#8221; global_colors_info=&#8221;{}&#8221;]<\/p>\n<p>Strada Louis Blanc nr. 18-20, \u00een incinta Clinicii Confident<\/p>\n<p>[\/et_pb_text][et_pb_text _builder_version=&#8221;4.27.5&#8243; _module_preset=&#8221;default&#8221; text_text_color=&#8221;#FFFFFF&#8221; link_text_color=&#8221;#FFFFFF&#8221; custom_margin=&#8221;||10px||false|false&#8221; global_colors_info=&#8221;{}&#8221;]<\/p>\n<p>dr.eduard.constantin@gmail.com<\/p>\n<p>[\/et_pb_text][et_pb_social_media_follow _builder_version=&#8221;4.27.5&#8243; _module_preset=&#8221;default&#8221; custom_margin=&#8221;30px||||false|false&#8221; border_radii=&#8221;on|100px|100px|100px|100px&#8221; border_width_all=&#8221;1px&#8221; border_color_all=&#8221;#FFFFFF&#8221; global_colors_info=&#8221;{}&#8221;][et_pb_social_media_follow_network social_network=&#8221;facebook&#8221; _builder_version=&#8221;4.22.1&#8243; _module_preset=&#8221;default&#8221; custom_padding=&#8221;4px|4px|4px|4px|true|true&#8221; global_colors_info=&#8221;{}&#8221; follow_button=&#8221;off&#8221; url_new_window=&#8221;on&#8221;]facebook[\/et_pb_social_media_follow_network][et_pb_social_media_follow_network social_network=&#8221;instagram&#8221; _builder_version=&#8221;4.22.1&#8243; _module_preset=&#8221;default&#8221; custom_padding=&#8221;4px|4px|4px|4px|true|true&#8221; global_colors_info=&#8221;{}&#8221; follow_button=&#8221;off&#8221; url_new_window=&#8221;on&#8221;]instagram[\/et_pb_social_media_follow_network][\/et_pb_social_media_follow][\/et_pb_column][\/et_pb_row][et_pb_row _builder_version=&#8221;4.22.1&#8243; _module_preset=&#8221;default&#8221; border_color_all=&#8221;rgba(255,255,255,0.2)&#8221; border_width_top=&#8221;1px&#8221; global_colors_info=&#8221;{}&#8221;][et_pb_column type=&#8221;4_4&#8243; _builder_version=&#8221;4.22.1&#8243; _module_preset=&#8221;default&#8221; global_colors_info=&#8221;{}&#8221;][et_pb_text _builder_version=&#8221;4.27.5&#8243; _dynamic_attributes=&#8221;content&#8221; _module_preset=&#8221;85bfb936-1362-4a2e-9189-970643ec442f&#8221; text_text_color=&#8221;#FFFFFF&#8221; global_colors_info=&#8221;{}&#8221;]@ET-DC@eyJkeW5hbWljIjp0cnVlLCJjb250ZW50IjoiY3VycmVudF9kYXRlIiwic2V0dGluZ3MiOnsiYmVmb3JlIjoiQ29weXJpZ2h0ICZjb3B5OyAiLCJhZnRlciI6IiBEci5FZCAuIEFsbCBSaWdodHMgUmVzZXJ2ZWQuIiwiZGF0ZV9mb3JtYXQiOiJjdXN0b20iLCJjdXN0b21fZGF0ZV9mb3JtYXQiOiJZIn19@[\/et_pb_text][\/et_pb_column][\/et_pb_row][\/et_pb_section]<\/p>\n","protected":false},"excerpt":{"rendered":"<p>\u00cengrijire dup\u0103 tratamentIndica\u021bii post-operatoriiMedicul endodont a \u00eencheiat tratamentul de canal al dintelui dumneavoastr\u0103. Dup\u0103 finalizarea tratamentului, nivelul de disconfort depinde de respectarea instruc\u021biunilor de c\u0103tre pacient. De\u0219i unii pacien\u021bi nu simt durere, este normal s\u0103 existe un anumit grad de disconfort. Reducerea inflama\u021biei va determina reducerea durerii. Recomand\u0103m s\u0103 lua\u021bi medicamente antiinflamatoare \u00eenainte ca anestezia [&hellip;]<\/p>\n","protected":false},"author":1,"featured_media":0,"parent":0,"menu_order":0,"comment_status":"closed","ping_status":"closed","template":"","meta":{"_et_pb_use_builder":"on","_et_pb_old_content":"","_et_gb_content_width":"","_monsterinsights_skip_tracking":false,"_monsterinsights_sitenote_active":false,"_monsterinsights_sitenote_note":"","_monsterinsights_sitenote_category":0,"footnotes":""},"class_list":["post-85","page","type-page","status-publish","hentry"],"_links":{"self":[{"href":"https:\/\/dred.ro\/index.php\/wp-json\/wp\/v2\/pages\/85","targetHints":{"allow":["GET"]}}],"collection":[{"href":"https:\/\/dred.ro\/index.php\/wp-json\/wp\/v2\/pages"}],"about":[{"href":"https:\/\/dred.ro\/index.php\/wp-json\/wp\/v2\/types\/page"}],"author":[{"embeddable":true,"href":"https:\/\/dred.ro\/index.php\/wp-json\/wp\/v2\/users\/1"}],"replies":[{"embeddable":true,"href":"https:\/\/dred.ro\/index.php\/wp-json\/wp\/v2\/comments?post=85"}],"version-history":[{"count":17,"href":"https:\/\/dred.ro\/index.php\/wp-json\/wp\/v2\/pages\/85\/revisions"}],"predecessor-version":[{"id":777,"href":"https:\/\/dred.ro\/index.php\/wp-json\/wp\/v2\/pages\/85\/revisions\/777"}],"wp:attachment":[{"href":"https:\/\/dred.ro\/index.php\/wp-json\/wp\/v2\/media?parent=85"}],"curies":[{"name":"wp","href":"https:\/\/api.w.org\/{rel}","templated":true}]}}